 - 22. Calculate the remainder when f(-2) is divided by 96.
88
Suppose -t + 2*t + 10 = 0. Let w = -8 - t. Suppose -w*g - 4*p + 30 = 0, 3*p - p = -4*g + 30. Calculate the remainder when 11 is divided by g.
1
Suppose 21*d - 17*d = 388. Let v(t) = 2*t + 16. What is the remainder when d is divided by v(2)?
17
Let n(y) = 5*y**2 + 40*y + 36. Let j(w) = -w**2 - 8*w - 7. Let f(h) = -11*j(h) - 2*n(h). Calculate the remainder when 7 is divided by f(-8).
2
Let n = -547 + 577. Let f(g) = -g**3 + 8*g**2 + 6. What is the remainder when f(7) is divided by n?
25
Suppose -2*n - 5*x + 19 = -15, 5*n - 47 = -3*x. Suppose -y - 20 = -2*y. Let r = -18 + y. Calculate the remainder when n is divided by r.
1
Let i(d) = d**2 - 28*d - 202. Calculate the remainder when i(-30) is divided by 140.
138
Let g = 404 + -352. What is the remainder when 178 is divided by g?
22
Let n(h) = -h**3 - 11*h**2 - 2*h + 24. Let l(q) = -q**2 + 14*q - 12. Suppose 3*r - 4*r = -12. Calculate the remainder when n(-11) is divided by l(r).
10
Let r = -25 - -25. Suppose r*p = p. Suppose p = -2*q - 16 + 58. Calculate the remainder when 38 is divided by q.
17
Let y = 11 - 12. What is the remainder when y*(-25)/(-5)*-13 is divided by 22?
21
Let m = 137 + -91. Let n be 1/(-2) - 102/(-4). Let v = -13 + n. Calculate the remainder when m is divided by v.
10
Suppose -4*i + 15 = -3*i. Suppose -10*q - 5 = -i*q, -4*q = -2*t + 234. What is the remainder when t is divided by 40?
39
Let s = -53 + 6. Let d = 20 + s. Let a = 30 + d. What is the remainder when 12 is divided by a?
0
Suppose 10139 = 25*i - 3786. What is the remainder when i is divided by 18?
17
Let s = -13 + -42. Let m be 184/44 - (-10)/s. Suppose 22 - 2 = m*p. What is the remainder when 12 is divided by p?
2
Let n = 51 - 18. Calculate the remainder when (1 - -60) + 9/3 is divided by n.
31
Suppose -2*h = -4*i - 1100, h + 6*i - 547 = 7*i. Calculate the remainder when h is divided by 42.
40
Let s = 1100 + -1019. Let m(y) = y + 4. Calculate the remainder when s is divided by m(8).
9
Suppose -400 - 469 = -11*t. What is the remainder when t is divided by 28?
23
Let m be (10/(-6))/((-5)/(-15)). Let v = m + 5. Suppose v*p - 6 = -p. Calculate the remainder when p is divided by 4.
2
Let b be 269/6 + 4/24. Let t = -118 + b. Let n = -31 - t. What is the remainder when n is divided by 15?
12
Let b = 118 - -56. What is the remainder when 528 is divided by b?
6
Let x(b) = 2*b**2 - 8*b + 2. Calculate the remainder when x(5) is divided by 11.
1
Let c(j) be the second derivative of -j**5/20 - 13*j**4/12 + 4*j**3/3 + 3*j**2/2 + 45*j. Calculate the remainder when c(-14) is divided by 44.
43
Let n = -9 + 8. Let u be n - (2 + -2 + -3). Suppose u*q + 26 - 116 = 0. Calculate the remainder when q is divided by 16.
13
Let r = 408 - 233. What is the remainder when r is divided by 8?
7
Let g(w) = w**3 - 9*w**2 - 6*w - 20. Calculate the remainder when 139 is divided by g(10).
19
Suppose -3*d + 8*d - 90 = 0. Suppose -2*a + 8 + 4 = t, -2*a - 4*t + d = 0. Suppose a*m = -0*m + 100. Calculate the remainder when 38 is divided by m.
18
What is the remainder when (52/156)/(2/(-240)*-1) is divided by 20?
0
What is the remainder when 158 is divided by (-6)/(-48) + 860/32?
23
Suppose 0 = -5*p + 50 - 10. Let g(r) = 0*r**2 - r**3 - 8*r + 5*r**2 + 4*r**2 - 3. What is the remainder when g(7) is divided by p?
7
Calculate the remainder when 373 is divided by 27/9*11*2/6.
10
Suppose -9*b = -10*b + 10. Let o(t) = -3*t**2 + 33*t - 13. What is the remainder when 29 is divided by o(b)?
12
Let m = 709 + 346. What is the remainder when m is divided by 33?
32
Let b = 14 + 20. Calculate the remainder when b is divided by 9.
7
Let q(s) be the second derivative of s**5/20 + s**3/3 + 71*s**2 + 11*s. What is the remainder when q(0) is divided by 12?
10
Suppose m + 7 = -3*j + 45, 2*j = 8. Let q = m + -19. Calculate the remainder when q is divided by 3.
1
Suppose 140 = 2*k - 2*t, 10*t - 13*t = 2*k - 150. Calculate the remainder when (1680/k)/(1/3) is divided by (24/(-10))/(1/(-15)).
34
Suppose -44 = -0*p - 4*p. Let n = 5 + p. Suppose 3*y = 4*y - 61. Calculate the remainder when y is divided by n.
13
Let o(j) = j - 6. Let c be o(3). Calculate the remainder when -71*1/c - (-4)/(-6) is divided by 12.
11
Calculate the remainder when 272 is divided by (-105)/33 - -3 - 5270/(-187).
20
Let j(o) = o**2 + 2*o - 6. Let u(q) = q**2 + q - 7. Let f(c) = 5*j(c) - 6*u(c). Calculate the remainder when 25 is divided by f(5).
4
Let u = 0 - -1. Let i(c) = c**3 + 28*c**2 + 27*c + 1. Let o be (1 - 0/(-2))/(4/(-108)). Calculate the remainder when i(o) is divided by u.
0
Suppose -3*k + 2 = -d - 5, 22 = 3*k + 2*d. Let z(b) = 146*b + 7025. What is the remainder when z(-48) is divided by k?
1
Let q(p) = p + 4. Let z be q(3). Suppose z*h - 155 = 2*h. Let u = 10 + -2. What is the remainder when h is divided by u?
7
Suppose -11*r = -0*r - 3080. Calculate the remainder when r is divided by 73.
61
Calculate the remainder when 0 + -8 + 873 - -1 is divided by 11.
8
Let u(j) = -j**3 - 14*j**2 + 23*j - 8. Suppose -3*v = -5*r - 86, -v + 10 = 4*v. What is the remainder when u(r) is divided by 46?
44
Let k = 682 + -654. What is the remainder when 203 is divided by k?
7
Let j(c) = 6*c - 4. Let k be j(5). Suppose -3*w - 4*o = -13 - 0, w + o - 4 = 0. What is the remainder when k/4 + 8/(-16) is divided by w?
0
Let r be (2 + 2)*(0 - 6). Let k = -562 + 517. Let d = r - k. Calculate the remainder when d is divided by 11.
10
Let g(w) = 2*w + 165. What is the remainder when g(-19) is divided by 19?
13
Calculate the remainder when 4/(2 - 0)*(-666)/(-36) is divided by 4.
1
Calculate the remainder when 193 is divided by 33/77 + 1700/35.
46
Suppose -5*m + 3 = -2*y - 2, 0 = 4*m - 2*y - 2. Let k = m + 9. Let o(i) = i**2 + 5*i - 2. What is the remainder when k is divided by o(-6)?
0
Let u(x) = 5*x + 7. Let v be u(-3). Let i = v + 13. Suppose -17 = -i*q + 8. What is the remainder when 7 is divided by q?
2
Suppose 2*q = -t + 373, 0*t = 5*q + 3*t - 932. What is the remainder when q is divided by 47?
46
Suppose 2*d - 15 = -4*u + 5*d, u = 5*d + 8. Suppose u*o - i = i + 57, 4*o - 2*i = 76. What is the remainder when 35 is divided by o?
16
Let w(g) be the second derivative of 3*g**3/2 - 13*g**2/2 - 10*g. What is the remainder when 53 is divided by w(3)?
11
Let f(o) be the first derivative of o**2 - 1/4*o**4 + 0*o - 6 - 2/3*o**3. What is the remainder when f(-5) is divided by 22?
21
Suppose -3*t - 18 = -t. Let f = -27 - t. Calculate the remainder when 91 is divided by (-1 + 0)*(f - 5).
22
Calculate the remainder when 446 is divided by (-41)/(-123) + (-166)/(-6).
26
Let m(g) = -g**2 + 1. Let d(h) = -2*h**2 + 6*h. Let n(s) = -2*d(s) + 2*m(s). Suppose -j = -4*j + 24. What is the remainder when n(j) is divided by 9?
7
Suppose 0 = -6*w + 3*w + k + 32, -k + 1 = 0. What is the remainder when (-39)/13*53/(-3) is divided by w?
9
Let x be -3 + (-1 - 0)*30. Let k = x + 123. Calculate the remainder when k is divided by 31.
28
Suppose 2*u + 73 = 143. What is the remainder when 60 is divided by u?
25
Let t(a) = -6*a - 1. Let f(g) = -1. Let d(m) = -6*f(m) + t(m). Calculate the remainder when d(-4) is divided by 6.
5
Suppose 4*d + 108 = -4*o, -2*o = -5*d + o - 95. Let h = -68 - d. Let s = 81 + h. What is the remainder when s is divided by 9?
8
What is the remainder when (-3)/(-2)*(17 - 5423/(-33)) is divided by 85?
17
Suppose -3*b = -2*r + 98, -5*r - 103 = -5*b - 348. Suppose -2*m + 18 = -0*m. Calculate the remainder when r is divided by (6/m)/(8/156*1).
10
Let p = 35 + 14. Suppose 3*u + 5*d = 59, 5*d - 1 = u + 6. Let y = p - u. Calculate the remainder when y is divided by 13.
10
Let u(m) = 15*m + 108. Calculate the remainder when 129 is divided by u(-3).
3
Let n(q) = -q**3 + 15*q**2 - 22*q - 24. Calculate the remainder when 30 is divided by n(13).
2
Let d(v) = -7 + 8 + 36*v + 2 - 4. What is the remainder when 67 is divided by d(1)?
32
Let j(k) = -k**2 - 9*k - 9. Suppose 10*y + 84 = -2*y. What is the remainder when 34 is divided by j(y)?
4
Suppose 2*w - 2*k = 54, -8*k + 63 = 4*w - 3*k. Calculate the remainder when 60 is divided by w.
16
Let g(m) = 168 - 5*m - m - 296 + 150. What is the remainder when 14 is divided by g(3)?
2
Calculate the remainder when (-2 - -1)/((-1)/117) is di